{"id":768,"date":"2023-09-04T19:45:03","date_gmt":"2023-09-04T17:45:03","guid":{"rendered":"https:\/\/stefanthoeni.ch\/?page_id=768"},"modified":"2023-09-04T20:19:31","modified_gmt":"2023-09-04T18:19:31","slug":"datenschutz","status":"publish","type":"page","link":"https:\/\/stefanthoeni.ch\/index.php\/datenschutz\/","title":{"rendered":"Datenschutzinformation"},"content":{"rendered":"\n<p>Diese Datenschutzinformation beschreibt Bearbeitung von Personendaten im Zusammenhang mit dieser Webseite.<\/p>\n\n\n\n<h2 class=\"wp-block-heading\">Kontaktadresse<\/h2>\n\n\n\n<p>Meine Kontaktadresse f\u00fcr Anliegen des Datenschutzes ist:<\/p>\n\n\n\n<ul class=\"wp-block-list\">\n<li>Briefpost: Stefan Th\u00f6ni, Parkstrasse 7, 6312 Steinhausen<\/li>\n\n\n\n<li>E-Mail: <a href=\"mailto:webmaster@savvy.ch\">webmaster@savvy.ch<\/a><\/li>\n<\/ul>\n\n\n\n<h2 class=\"wp-block-heading\">Deine Rechte<\/h2>\n\n\n\n<p>Als betroffene Person kannst Du bei mir folgende gesetzlichen Rechte geltend machen:<\/p>\n\n\n\n<ul class=\"wp-block-list\">\n<li><strong>Auskunftsrecht<\/strong>: Du kannst von mir Auskunft dar\u00fcber verlangen, welche Daten \u00fcber Dich zu welchem Zweck bearbeitet werden.<\/li>\n\n\n\n<li><strong>L\u00f6schung<\/strong>: Du kannst von mir verlangen, dass Dich betreffende Personendaten gel\u00f6scht werden.<\/li>\n\n\n\n<li><strong>Widerspruch<\/strong>: Du kannst von mir verlangen, dass ich in Zukunft keine Dich betreffenden Personendaten mehr bearbeite.<\/li>\n\n\n\n<li><strong>Berichtigung<\/strong>: Du kannst von mir verlangen, dass falsche Daten \u00fcber Dich berichtigt werden.<\/li>\n\n\n\n<li><strong>Einschr\u00e4nkung<\/strong>: Du kannst von mir verlangen, dass die Bearbeitung Dich betreffender Personendaten eingeschr\u00e4nkt wird.<\/li>\n\n\n\n<li><strong>Daten\u00fcbertragung<\/strong>: Du kannst von mir verlangen, dass ich Dich betreffende Personendaten an einen anderen Dienstleister \u00fcbertrage.<\/li>\n\n\n\n<li><strong>Datenherausgabe<\/strong>: Du kannst von mir verlangen, dass ich Dir die Dich betreffenden Personendaten herausgebe.<\/li>\n<\/ul>\n\n\n\n<p>Ich identifiziere Dich als betroffene Person vor Aus\u00fcbung Deiner Rechte aus im Einzelfall angemessene Art und Weise.<\/p>\n\n\n\n<p>Die Aus\u00fcbung Deiner Rechte ist in der Regel kostenlos. Es k\u00f6nnen jedoch ausnahmsweise Kosten entstehen, \u00fcber welche ich vorg\u00e4ngig informiere.<\/p>\n\n\n\n<p>Ich kann die Aus\u00fcbung Deiner Rechte im Rahmen des Gesetzes einschr\u00e4nken, aufschieben oder verweigern. Dies insbesondere, wenn mich eine gesetzliche Aufbewahrungsfrist f\u00fcr die Daten trifft, wenn durch die Aus\u00fcbung Deiner Rechte die Rechte dritter Personen verletzt w\u00fcrden oder wenn das \u00f6ffentliche Interesse an der weiteren Bearbeitung \u00fcberwiegt.<\/p>\n\n\n\n<p>Wenn Du der Meinung bist, dass ich Dich betreffende Personendaten unrechtm\u00e4ssig bearbeite, hast Du das Recht, Dich hier\u00fcber beim f\u00fcr uns zust\u00e4ndigen <a rel=\"noreferrer noopener\" href=\"https:\/\/www.edoeb.admin.ch\/edoeb\/de\/home.html\" target=\"_blank\">Eidgen\u00f6ssischen Datenschutz- und \u00d6ffentlichkeitsbeauftragten<\/a> zu beschweren.<\/p>\n\n\n\n<h2 class=\"wp-block-heading\">Einzelne Bearbeitungen<\/h2>\n\n\n\n<h3 class=\"wp-block-heading\">Bei Besuch der Webseite<\/h3>\n\n\n\n<p>Wenn Du unsere Webseite besuchst werden durch uns wie folgt bearbeitet:<\/p>\n\n\n\n<ul class=\"wp-block-list\">\n<li><strong>Server Logs:<\/strong> Ich logge normalerweise keine IP-Adressen, so dass Dein Besuch nicht auf Dich zur\u00fcckgef\u00fchrt werden kann. Ich behalte mir jedoch vor, Logs zur Fehlerbehebung und bei Sicherheitsvorf\u00e4llen zu erstellen. Ist dies der Fall, so l\u00f6sche ich diese innerhalb von 48 Stunden, sofern sie nicht zu Beweiszwecken l\u00e4nger gespeichert werden m\u00fcssen.<\/li>\n\n\n\n<li><strong>Nutzungsanalyse<\/strong>: Die Nutzungsanalyse dieser Seite verwendet keine IP-Adressen und keine anderweitigen Daten, welche Dich als Nutzer identifizieren.<\/li>\n<\/ul>\n\n\n\n<h3 class=\"wp-block-heading\">Bei Erw\u00e4hnung auf der Webseite<\/h3>\n\n\n\n<p>Du kannst auf der Webseite unter folgenden Umst\u00e4nden Erw\u00e4hnung finden:<\/p>\n\n\n\n<ul class=\"wp-block-list\">\n<li><strong>Urheberrechtsangaben<\/strong>: Die Angaben zur Urheberschaft von Bildern und anderen Inhalten wie von der durch Dich gew\u00e4hrten Lizenz vorgegeben.<\/li>\n\n\n\n<li><strong>Erw\u00e4hnung im Inhalt:<\/strong> Wenn Du eine Person des \u00f6ffentlichen Lebens bist, kann es sein, dass wir \u00fcber Dich im Zusammenhang mit dem politisch relevanten Geschehen berichten.<\/li>\n\n\n\n<li><strong>Erw\u00e4hnung als Autor*in<\/strong>: Wenn Du f\u00fcr meine Webseite einen Inhalt erstellt hast, erw\u00e4hnen wir Deine Urheberschaft.<\/li>\n<\/ul>\n\n\n\n<p>Die Inhalte der Webseite werden nicht nach einer bestimmten Frist gel\u00f6scht.<\/p>\n\n\n\n<h3 class=\"wp-block-heading\">Bei Kontaktaufnahme<\/h3>\n\n\n\n<p>Wenn Du mir eine E-Mail an eine der auf dieser Webseite erw\u00e4hnten Mailadressen schreibst, f\u00e4llt diese Kommunikation unter die sogenannte Haushaltsausnahme des Datenschutzgesetzes.<\/p>\n\n\n\n<h2 class=\"wp-block-heading\">Datenbekanntgabe<\/h2>\n\n\n\n<p>Ich gebe Deine Daten aus dem Besuch dieser Webseite nicht an Dritte weiter, es sei denn:<\/p>\n\n\n\n<ul class=\"wp-block-list\">\n<li>Du Stimmst im Einzelfall zu; oder<\/li>\n\n\n\n<li>Ich bin gesetzlich dazu verpflichtet.<\/li>\n<\/ul>\n\n\n\n<h2 class=\"wp-block-heading\">Datensicherheit<\/h2>\n\n\n\n<p>Soweit diese Webseite bzw. der Server nicht-\u00f6ffentlich Personendaten speichert, sch\u00fctze ich diese mit angemessenen technischen und organisatorischen Massnahmen.<\/p>\n","protected":false},"excerpt":{"rendered":"<p>Diese Datenschutzinformation beschreibt Bearbeitung von Personendaten im Zusammenhang mit dieser Webseite. Kontaktadresse Meine Kontaktadresse f\u00fcr Anliegen des Datenschutzes ist: Deine Rechte Als betroffene&hellip;<\/p>\n","protected":false},"author":2,"featured_media":0,"parent":0,"menu_order":0,"comment_status":"closed","ping_status":"closed","template":"","meta":{"footnotes":""},"class_list":["post-768","page","type-page","status-publish","hentry"],"_links":{"self":[{"href":"https:\/\/stefanthoeni.ch\/index.php\/wp-json\/wp\/v2\/pages\/768","targetHints":{"allow":["GET"]}}],"collection":[{"href":"https:\/\/stefanthoeni.ch\/index.php\/wp-json\/wp\/v2\/pages"}],"about":[{"href":"https:\/\/stefanthoeni.ch\/index.php\/wp-json\/wp\/v2\/types\/page"}],"author":[{"embeddable":true,"href":"https:\/\/stefanthoeni.ch\/index.php\/wp-json\/wp\/v2\/users\/2"}],"replies":[{"embeddable":true,"href":"https:\/\/stefanthoeni.ch\/index.php\/wp-json\/wp\/v2\/comments?post=768"}],"version-history":[{"count":3,"href":"https:\/\/stefanthoeni.ch\/index.php\/wp-json\/wp\/v2\/pages\/768\/revisions"}],"predecessor-version":[{"id":773,"href":"https:\/\/stefanthoeni.ch\/index.php\/wp-json\/wp\/v2\/pages\/768\/revisions\/773"}],"wp:attachment":[{"href":"https:\/\/stefanthoeni.ch\/index.php\/wp-json\/wp\/v2\/media?parent=768"}],"curies":[{"name":"wp","href":"https:\/\/api.w.org\/{rel}","templated":true}]}}